 be (147/12)/((-2)/(-8)). Is (-14)/u - 4269/g a composite number?
True
Let x = 43 - 55. Let n be x/(-5) + -1 - 6/(-10). Suppose -3*m + 178 = o, n*m - 4*o = -2*o + 116. Is m prime?
True
Suppose -4*g - 3*f = -42, -g - f = g - 22. Suppose g*d - 629682 = -111222. Is d a composite number?
True
Suppose 4*h - 8 = 0, v - 25*h = -26*h - 415. Let i be (-2 - 0)/1 + 366. Let m = i - v. Is m prime?
False
Let g(m) = -11*m**2 - 13*m + 1. Let w(p) = -10*p**2 - 12*p + 1. Let h(d) = 4*g(d) - 5*w(d). Suppose -x = -0 + 3, -4*j - x = -33. Is h(j) composite?
False
Let k be 600 + (20/(-5) - 0). Suppose 37 = n - k. Is n a prime number?
False
Let d(q) = 276*q**2 - 1004*q + 163. Is d(-39) composite?
True
Suppose -8*u + 3769105 = -41287. Is u a composite number?
False
Let o(p) be the third derivative of 923*p**6/720 - p**5/20 - 3*p**4/8 - 12*p**2. Let n(u) be the second derivative of o(u). Is n(1) composite?
True
Let j(g) = -6639*g - 11. Let i be j(-1). Let k = -2667 + i. Is k prime?
False
Let g(j) = -1674*j**3 - 4*j**2 + 10*j + 29. Is g(-6) a prime number?
True
Let s(a) = 26*a + 26*a**2 + 16 - 21*a - 20*a**2 + 42. Is s(11) a prime number?
True
Suppose 0 = -6*m - 1965 + 1947. Is 34748/2 - (8 + m) a prime number?
False
Suppose -53*f + 68*f - 29417855 = -98*f. Is f prime?
False
Let m = 47705 - 29312. Is m prime?
False
Let w(s) = 90*s**2 + 9*s + 7. Let g be 0/(-2) + (-7 - 15/(-5)). Is w(g) a composite number?
True
Suppose -25*x + 15*x + 6860 = 0. Let d = 5013 - x. Is d composite?
False
Let z(x) = 15*x - 31 + 10 - 14 + 7. Let m be z(6). Suppose 60*n = m*n - 1382. Is n prime?
True
Suppose 23*j - 36*j - 441335 = -18*j. Is j prime?
False
Suppose 172361 = 53*s - 43*s - 320609. Is s composite?
False
Let a = 30984 - -7945. Is a a prime number?
False
Let x = -23 - -47. Suppose -x = -3*j + n - 4, 36 = 3*j + 3*n. Suppose -12*h + 204 = -j*h. Is h composite?
True
Let b(t) be the second derivative of -2*t**4/3 + 13*t**3/6 - 2*t**2 - 5*t. Let p be b(6). Let l = 399 + p. Is l prime?
False
Let o(j) = 8*j**2 - 11*j**3 + 5*j**2 - 12 + 477*j - 486*j. Is o(-5) composite?
False
Suppose -5*i + 10055 = 3*w, 3347 = 12*w - 11*w - 3*i. Suppose -w - 11289 = -5*g + 4*o, -2*g + 5858 = -4*o. Is g prime?
True
Suppose 15*x - 242344 = 9*x - 2*x. Is x composite?
False
Let c be (-400)/(-6) + (-2)/(-6). Let d be c - (-6)/(3/1). Let l = 97 + d. Is l a prime number?
False
Let s = -58593 + 109576. Is s composite?
True
Suppose 22*g = 21*g. Is 15/(105/54236) + (-3 - g) a composite number?
True
Suppose -7*g + 74 = 39. Suppose -y + 3984 = 2*f + 3*f, -g*f = -y + 4034. Is y a composite number?
True
Let v = -2554 + 2557. Let s = 7 - 4. Suppose d + s*a = 179, 5*d = -v*a - a + 939. Is d composite?
False
Let m = -22 + 27. Suppose m*c + 8244 = 3*c. Let g = -2195 - c. Is g prime?
False
Let w = 15 - 7. Suppose 2*z = -2*t - 20, -3*z + 32*t - 10 = 30*t. Is (515 - 4/(w/z))/2 a prime number?
False
Let g = -152567 - -335716. Is g a prime number?
False
Suppose -t - 5*h + 1079 = -5*t, -4*t + 2*h - 1094 = 0. Let u = t - -509. Is u a prime number?
True
Let p(w) = w**2 + w + 1109. Let j be 4 + (-5)/15*3. Let t be 0/(2 + 1 + (j - 3)). Is p(t) composite?
False
Suppose 35*p - 51192161 = -75*p - 153*p. Is p a prime number?
True
Let p = 66006 - 29687. Is p prime?
True
Suppose 43*m = 26541573 - 2136106. Is m prime?
True
Let p be 322/98 + (-2)/7. Suppose 3*h + 7 = 2*t, -t = t - 5*h + p. Suppose -1153 - 244 = -t*b. Is b composite?
False
Suppose 12 = -5*c - 3. Let s be 1 + 1 + 58 - c. Suppose -3*n + y + 63 = 0, -2*n + 4*y + s = n. Is n composite?
True
Is -2 - (-4)/(-8) - (-31)/((-682)/(-39927789)) prime?
False
Suppose -33*l + 188971 = 929852 - 8190928. Is l composite?
True
Suppose -p = -w - 9, 2*p + 3 = -w + p. Is 1 + -5 - -1*(1475 - w) composite?
True
Let o(z) = -z**3 - 15*z**2 + 5. Let m be o(-15). Suppose 8*v - m*v = 0. Suppose v = -5*r + r + 5036. Is r prime?
True
Suppose -293*x = -30*x + 12*x - 74583025. Is x a composite number?
False
Let b = 100635 + -58455. Is 5*(15/3 + b/25) a prime number?
True
Let h be 3/8 + (-60)/160. Suppose h*j + 4*d + 532 = 4*j, -3*d = 5*j - 665. Is j a prime number?
False
Let j(x) = 460*x**3 + 24*x**2 - 4*x + 67. Is j(8) composite?
False
Let s(g) = 5473*g - 5154. Is s(31) a composite number?
True
Let s be (612/(-45))/((-8)/(-1300) - 0). Let b = -859 - s. Is b a prime number?
False
Let c = 386273 + 27300. Is c a prime number?
False
Let l(y) = y**3 - 13*y**2 + 22*y. Let k be l(11). Suppose -14*b + 32598 + 28680 = k. Is b prime?
False
Let b(m) = -114263*m + 4355. Is b(-6) a prime number?
False
Is -4*(3/5)/(104/(-83330)) a composite number?
True
Suppose 0 = -2*a + 2, -3*h - 12*a + 16*a + 17003 = 0. Is h a composite number?
False
Suppose -4*d - 4*u = -7*u + 73352, -91690 = 5*d - 4*u. Let a = d + 28605. Is a a composite number?
False
Let s(l) be the second derivative of 3*l**5/10 - l**4/12 + 13*l**3/6 - 29*l**2/2 - 80*l. Is s(17) composite?
True
Let o(c) = c**3 - 20*c**2 - 30*c - 2. Let i be o(26). Suppose 8*a + 5638 = -i. Is a*((-2)/(-4))/(19/(-38)) composite?
True
Suppose -191*b = -216*b + 353575. Is b prime?
True
Let t(l) = l**2 - 7*l - 258. Let z be t(-13). Let n = 2718 + -1932. Suppose 5*s = -3*v + n, -3*s + 807 = z*s - 4*v. Is s prime?
False
Let c be -2 - -1*35/5 - -12957. Suppose -3*v + n + c = 0, 2*n - n + 4320 = v. Is v composite?
True
Let r = 222 + -406. Let y = 985 - r. Is y prime?
False
Let c(s) be the third derivative of -107*s**4/24 - 23*s**3/2 - 93*s**2. Is c(-6) a composite number?
True
Let n(l) = -2*l + 36. Let t be n(16). Is (16155/30)/(2/t) composite?
True
Let v(c) = 18*c**2 + 14*c + 20. Let s be v(11). Suppose 13043 = 5*u - s. Is u prime?
True
Let a = 234327 + -33254. Is a a composite number?
False
Suppose -b + 3*w = -576838, -167617 = -b - w + 409201. Is b composite?
True
Let p(x) = 22*x - 7. Let i(m) = 5*m + 6. Let a be i(-1). Let c be p(a). Let s(j) = 18*j - 19. Is s(c) a prime number?
True
Suppose -2*l + 86 = -64. Let r = l - 70. Suppose -4*d - 215 = -r*p, p + 0*d - 32 = 3*d. Is p composite?
False
Suppose -4 = -4*h - 2*u, -u + 1 = h - 0*u. Is (9 - 5)/(6162/6158 - h) composite?
True
Suppose 2*d - 36 = -d. Suppose -11*p = -d*p + 100. Let n = p - -27. Is n prime?
True
Let g(z) = 59*z + 656. Is g(114) a prime number?
False
Let s(b) = 3 - b**3 + 4*b - 12 - 1 - 6*b**2 - 12*b. Let g be s(-5). Suppose d + 3*x - 479 = -x, 4*x - 2475 = -g*d. Is d a composite number?
False
Suppose 0*l - 2*l - 3*x - 3 = 0, 6 = 3*l + x. Suppose -3*h - 594 = l*i, 5*i + 533 = -4*h - 458. Let a = -141 - i. Is a a prime number?
False
Suppose 0*r = -8*r + 4*r + 95884. Is r a prime number?
True
Let p(b) = -b**3 - b**2 + 2*b + 12. Let c be p(0). Suppose 5071 = c*q - 20165. Suppose 9*k - q = 6*k. Is k a composite number?
False
Suppose 8*s - 10 = 3*s. Let z be (-1 + s)*10/(-20)*-12. Suppose 0 = z*p + 8*p - 57274. Is p a composite number?
False
Let n(x) = -3633*x + 16543. Is n(-52) composite?
True
Suppose z - 2*t - 2444 = -z, 3*t - 6086 = -5*z. Is (z - 4/(-4)) + -7 a prime number?
True
Let l(d) be the first derivative of -147*d**2 - 80*d + 24. Let v(b) = -441*b - 120. Let f(t) = 8*l(t) - 5*v(t). Is f(-21) composite?
True
Is 2/8*(-1879696)/(-39) + (-5)/15 composite?
False
Let r = 251 - 244. Suppose 4*s + 3*q - 10270 = 0, 3*s + 3*q = r*q + 7715. Is s a prime number?
False
Let k(q) = 3*q**3 - 123*q**2 - 111*q - 89. Is k(58) prime?
True
Let l(z) = -22998*z - 358. Is l(-4) composite?
True
Is (-112373328)/(-320) + 7/(-28) - 9/(-15) a prime number?
False
Let a(x) = -27*x + 6. Let o = -3 - -9. Let f be a(o). Let w = 391 + f. Is w composite?
True
Suppose -3*c + 4*u = -17, -4*c - 19*u + 17*u + 30 = 0. Suppose -c*m + 6777 = 3*w - 6*m, -3*m - 2249 = -w. Is w a composite number?
True
Suppose 4*c = -4*t + 4390824, 0 = -c - 5*t + 276688 + 821046. Is c composite?
False
Suppose 13*l + 39824 - 138793 = 0. Suppose 45044 - l = 9*m. Is m prime?
True
Suppose 3*d - 24 = -84. Let m be 195/12 - (-5)/d. Suppose 0 = m*v - 15*v - 214. Is v a prime number?
False
Let w(s) = -2*s + 19. Let a be w(8). Suppose 0 = -a*l - 7 + 22. Suppose l*y - 1933 = -38. Is y composite?
False
Let y = -442841 - -706894. Is y composite?
False
Let l = -9608 - -27775. Is l a composite number?
True
Let j(b) = -b**3 + 18*b**2 - 10*b + 3. Let f be (-882)/(-56) - (-2)/8. Let z(y) = y*